{"id":21232,"date":"2023-03-11T11:33:57","date_gmt":"2023-03-11T10:33:57","guid":{"rendered":"http:\/\/odlewnictwobraz.dfirma.pl\/?page_id=21232"},"modified":"2023-03-18T10:56:53","modified_gmt":"2023-03-18T09:56:53","slug":"a1","status":"publish","type":"page","link":"https:\/\/odlewnictwobraz.dfirma.pl\/index.php\/a1\/","title":{"rendered":"a1"},"content":{"rendered":"<p>[et_pb_section fb_built=&#8221;1&#8243; _builder_version=&#8221;4.17.3&#8243; _module_preset=&#8221;default&#8221; use_background_color_gradient=&#8221;on&#8221; background_color_gradient_stops=&#8221;rgba(0,0,0,0.64) 0%|RGBA(255,255,255,0) 100%&#8221; background_color_gradient_overlays_image=&#8221;on&#8221; background_image=&#8221;http:\/\/odlewnictwobraz.dfirma.pl\/wp-content\/uploads\/2023\/03\/Statuetki_na_zamowienie_1.webp&#8221; global_colors_info=&#8221;{}&#8221;][et_pb_row _builder_version=&#8221;4.17.3&#8243; _module_preset=&#8221;default&#8221; global_colors_info=&#8221;{}&#8221;][et_pb_column type=&#8221;4_4&#8243; _builder_version=&#8221;4.17.3&#8243; _module_preset=&#8221;default&#8221; global_colors_info=&#8221;{}&#8221;][et_pb_text _builder_version=&#8221;4.17.3&#8243; _module_preset=&#8221;default&#8221; text_font=&#8221;Poppins||||||||&#8221; text_text_color=&#8221;#FFFFFF&#8221; text_font_size=&#8221;24px&#8221; text_orientation=&#8221;center&#8221; hover_enabled=&#8221;0&#8243; global_colors_info=&#8221;{}&#8221; sticky_enabled=&#8221;0&#8243;]<\/p>\n<p>&nbsp;<\/p>\n<p>&nbsp;<\/p>\n<p>&nbsp;<\/p>\n<p>&nbsp;<\/p>\n<p>&nbsp;<\/p>\n<p>&nbsp;<\/p>\n<p>&nbsp;<\/p>\n<p>&nbsp;<\/p>\n<p>&nbsp;<\/p>\n<p>STATUETKI ODLEWANE<\/p>\n<p>Na zam\u00f3wienie Izby Rzemie\u015blniczej oraz Ma\u0142ej i \u015bredniej przedsi\u0119biorczo\u015bci w Katowicach<\/p>\n<p>&nbsp;<\/p>\n<p>&nbsp;<\/p>\n<p>[\/et_pb_text][\/et_pb_column][\/et_pb_row][\/et_pb_section][et_pb_section fb_built=&#8221;1&#8243; _builder_version=&#8221;4.17.3&#8243; _module_preset=&#8221;default&#8221; background_color=&#8221;#0a0a0a&#8221; global_colors_info=&#8221;{}&#8221;][et_pb_row column_structure=&#8221;1_2,1_2&#8243; _builder_version=&#8221;4.17.3&#8243; _module_preset=&#8221;default&#8221; width=&#8221;90%&#8221; max_width=&#8221;1270px&#8221; hover_enabled=&#8221;0&#8243; global_colors_info=&#8221;{}&#8221; sticky_enabled=&#8221;0&#8243;][et_pb_column type=&#8221;1_2&#8243; _builder_version=&#8221;4.17.3&#8243; _module_preset=&#8221;default&#8221; global_colors_info=&#8221;{}&#8221;][et_pb_text _builder_version=&#8221;4.17.3&#8243; _module_preset=&#8221;default&#8221; text_font=&#8221;Open Sans||||||||&#8221; text_text_color=&#8221;#ffffff&#8221; text_font_size=&#8221;16px&#8221; text_line_height=&#8221;1.4em&#8221; header_font=&#8221;Cormorant Garamond||||||||&#8221; header_text_color=&#8221;#c2ab92&#8243; header_font_size=&#8221;48px&#8221; header_line_height=&#8221;1.4em&#8221; header_2_font=&#8221;Poppins||||||||&#8221; header_2_text_color=&#8221;#c2ab92&#8243; header_3_font=&#8221;||||||||&#8221; max_width=&#8221;600px&#8221; height=&#8221;1000px&#8221; custom_margin=&#8221;||-465px|||&#8221; hover_enabled=&#8221;0&#8243; header_font_size_tablet=&#8221;40px&#8221; header_font_size_phone=&#8221;&#8221; header_font_size_last_edited=&#8221;on|tablet&#8221; locked=&#8221;off&#8221; global_colors_info=&#8221;{}&#8221; sticky_enabled=&#8221;0&#8243; custom_padding=&#8221;66px||||false|false&#8221;]<\/p>\n<p style=\"text-align: left;\">Statuetki przyznawane w kategorii &#8222;Firma z jako\u015bci\u0105&#8221; zosta\u0142y wr\u0119czone podczas XXVII Wielkiej Gali Izby Rzemie\u015blniczej w Katowicach, kt\u00f3ra odby\u0142a si\u0119 8 kwietnia 2022 roku w sali koncertowej Narodowej Orkiestry Symfonicznej Polskiego Radia w Katowicach. Gala ta by\u0142a wyj\u0105tkowa ze wzgl\u0119du na fakt, \u017ce Izba w tym roku obchodzi\u0142a jubileusz 100-lecia swojej dzia\u0142alno\u015bci.<\/p>\n<h2>Szczeg\u00f3\u0142y:<\/h2>\n<p>Termin<strong>:<\/strong> Kwiecie\u0144 8, 2022<\/p>\n<p>Materia\u0142: br\u0105z, granit<\/p>\n<p>Wymiar: 40cm x 12cm x 8cm<\/p>\n<p>Waga: 2kg<\/p>\n<p>[\/et_pb_text][\/et_pb_column][et_pb_column type=&#8221;1_2&#8243; _builder_version=&#8221;4.17.3&#8243; _module_preset=&#8221;default&#8221; global_colors_info=&#8221;{}&#8221;][et_pb_image src=&#8221;http:\/\/odlewnictwobraz.dfirma.pl\/wp-content\/uploads\/2023\/03\/Statuetki_na_gale_3.webp&#8221; title_text=&#8221;Statuetki_na_gale_3&#8243; _builder_version=&#8221;4.17.3&#8243; _module_preset=&#8221;default&#8221; width=&#8221;100%&#8221; max_width=&#8221;100%&#8221; max_height=&#8221;1000px&#8221; custom_margin=&#8221;40px|40px|40px|-1px|false|false&#8221; custom_padding=&#8221;0px|0px|0px|0px|false|false&#8221; global_colors_info=&#8221;{}&#8221;][\/et_pb_image][\/et_pb_column][\/et_pb_row][et_pb_row _builder_version=&#8221;4.17.3&#8243; _module_preset=&#8221;default&#8221; column_structure=&#8221;1_2,1_2&#8243; width=&#8221;100%&#8221; max_width=&#8221;1270px&#8221; hover_enabled=&#8221;0&#8243; sticky_enabled=&#8221;0&#8243; custom_margin=&#8221;-130px||||false|false&#8221;][et_pb_column _builder_version=&#8221;4.17.3&#8243; _module_preset=&#8221;default&#8221; type=&#8221;1_2&#8243;][et_pb_image src=&#8221;http:\/\/odlewnictwobraz.dfirma.pl\/wp-content\/uploads\/2023\/03\/statuetki_odlewane_1.webp&#8221; _builder_version=&#8221;4.17.3&#8243; _module_preset=&#8221;default&#8221; title_text=&#8221;statuetki_odlewane_1&#8243; hover_enabled=&#8221;0&#8243; sticky_enabled=&#8221;0&#8243;][\/et_pb_image][\/et_pb_column][et_pb_column _builder_version=&#8221;4.17.3&#8243; _module_preset=&#8221;default&#8221; type=&#8221;1_2&#8243;][et_pb_image src=&#8221;http:\/\/odlewnictwobraz.dfirma.pl\/wp-content\/uploads\/2023\/03\/Statuetki_na_zamowienie_1.webp&#8221; _builder_version=&#8221;4.17.3&#8243; _module_preset=&#8221;default&#8221; title_text=&#8221;Statuetki_na_zam\u00f3wienie_1&#8243; hover_enabled=&#8221;0&#8243; sticky_enabled=&#8221;0&#8243;][\/et_pb_image][\/et_pb_column][\/et_pb_row][et_pb_row column_structure=&#8221;1_2,1_2&#8243; _builder_version=&#8221;4.17.3&#8243; _module_preset=&#8221;default&#8221; global_colors_info=&#8221;{}&#8221;][et_pb_column type=&#8221;1_2&#8243; _builder_version=&#8221;4.17.3&#8243; _module_preset=&#8221;default&#8221; global_colors_info=&#8221;{}&#8221;][et_pb_image src=&#8221;http:\/\/odlewnictwobraz.dfirma.pl\/wp-content\/uploads\/2023\/03\/Statuetki_na_okazje_01.webp&#8221; title_text=&#8221;Statuetki_na_okazj\u0119_01&#8243; _builder_version=&#8221;4.17.3&#8243; _module_preset=&#8221;default&#8221; global_colors_info=&#8221;{}&#8221;][\/et_pb_image][\/et_pb_column][et_pb_column type=&#8221;1_2&#8243; _builder_version=&#8221;4.17.3&#8243; _module_preset=&#8221;default&#8221; global_colors_info=&#8221;{}&#8221;][et_pb_image src=&#8221;http:\/\/odlewnictwobraz.dfirma.pl\/wp-content\/uploads\/2023\/03\/Statuetki_firmowe_5.webp&#8221; title_text=&#8221;Statuetki_firmowe_5&#8243; _builder_version=&#8221;4.17.3&#8243; _module_preset=&#8221;default&#8221; global_colors_info=&#8221;{}&#8221;][\/et_pb_image][\/et_pb_column][\/et_pb_row][et_pb_row _builder_version=&#8221;4.17.3&#8243; _module_preset=&#8221;default&#8221;][et_pb_column _builder_version=&#8221;4.17.3&#8243; _module_preset=&#8221;default&#8221; type=&#8221;4_4&#8243;][et_pb_image src=&#8221;http:\/\/odlewnictwobraz.dfirma.pl\/wp-content\/uploads\/2023\/03\/statuetki_odlewane_1.webp&#8221; _builder_version=&#8221;4.17.3&#8243; _module_preset=&#8221;default&#8221; title_text=&#8221;statuetki_odlewane_1&#8243; hover_enabled=&#8221;0&#8243; sticky_enabled=&#8221;0&#8243;][\/et_pb_image][\/et_pb_column][\/et_pb_row][\/et_pb_section]<\/p>\n","protected":false},"excerpt":{"rendered":"<p>&nbsp; &nbsp; &nbsp; &nbsp; &nbsp; &nbsp; &nbsp; &nbsp; &nbsp; STATUETKI ODLEWANE Na zam\u00f3wienie Izby Rzemie\u015blniczej oraz Ma\u0142ej i \u015bredniej przedsi\u0119biorczo\u015bci w Katowicach &nbsp; &nbsp;Statuetki przyznawane w kategorii &#8222;Firma z jako\u015bci\u0105&#8221; zosta\u0142y wr\u0119czone podczas XXVII Wielkiej Gali Izby Rzemie\u015blniczej w Katowicach, kt\u00f3ra odby\u0142a si\u0119 8 kwietnia 2022 roku w sali koncertowej Narodowej Orkiestry Symfonicznej Polskiego Radia [&hellip;]<\/p>\n","protected":false},"author":1,"featured_media":0,"parent":0,"menu_order":0,"comment_status":"closed","ping_status":"closed","template":"","meta":{"_et_pb_use_builder":"on","_et_pb_old_content":"","_et_gb_content_width":"","footnotes":""},"class_list":["post-21232","page","type-page","status-publish","hentry"],"_links":{"self":[{"href":"https:\/\/odlewnictwobraz.dfirma.pl\/index.php\/wp-json\/wp\/v2\/pages\/21232","targetHints":{"allow":["GET"]}}],"collection":[{"href":"https:\/\/odlewnictwobraz.dfirma.pl\/index.php\/wp-json\/wp\/v2\/pages"}],"about":[{"href":"https:\/\/odlewnictwobraz.dfirma.pl\/index.php\/wp-json\/wp\/v2\/types\/page"}],"author":[{"embeddable":true,"href":"https:\/\/odlewnictwobraz.dfirma.pl\/index.php\/wp-json\/wp\/v2\/users\/1"}],"replies":[{"embeddable":true,"href":"https:\/\/odlewnictwobraz.dfirma.pl\/index.php\/wp-json\/wp\/v2\/comments?post=21232"}],"version-history":[{"count":5,"href":"https:\/\/odlewnictwobraz.dfirma.pl\/index.php\/wp-json\/wp\/v2\/pages\/21232\/revisions"}],"predecessor-version":[{"id":21296,"href":"https:\/\/odlewnictwobraz.dfirma.pl\/index.php\/wp-json\/wp\/v2\/pages\/21232\/revisions\/21296"}],"wp:attachment":[{"href":"https:\/\/odlewnictwobraz.dfirma.pl\/index.php\/wp-json\/wp\/v2\/media?parent=21232"}],"curies":[{"name":"wp","href":"https:\/\/api.w.org\/{rel}","templated":true}]}}